hen 12886587 is divided by 22?
21
What is the remainder when 125123 is divided by 40?
3
What is the remainder when 210129 is divided by 473?
117
What is the remainder when 2655525 is divided by 78?
15
Calculate the remainder when 5597 is divided by 231.
53
What is the remainder when 57977 is divided by 4060?
1137
Calculate the remainder when 1183728 is divided by 1626.
0
What is the remainder when 825770 is divided by 275198?
176
What is the remainder when 28447 is divided by 26701?
1746
Calculate the remainder when 9941866 is divided by 2485462.
18
Calculate the remainder when 29483 is divided by 1179.
8
What is the remainder when 275023 is divided by 15617?
9534
What is the remainder when 20729278 is divided by 2080?
2078
What is the remainder when 46343784 is divided by 11585938?
32
What is the remainder when 41262185 is divided by 174?
173
Calculate the remainder when 334987584 is divided by 5893.
5892
Calculate the remainder when 28873198 is divided by 12.
10
Calculate the remainder when 64142 is divided by 9038.
876
Calculate the remainder when 177277483 is divided by 7.
5
What is the remainder when 13891385 is divided by 207?
29
What is the remainder when 92940418 is divided by 198?
10
What is the remainder when 774368 is divided by 540?
8
Calculate the remainder when 583253 is divided by 2859.
17
What is the remainder when 56853 is divided by 844?
305
Calculate the remainder when 39607925 is divided by 322.
315
What is the remainder when 764 is divided by 84?
8
Calculate the remainder when 58290439 is divided by 44260.
19
What is the remainder when 301320 is divided by 2910?
1590
What is the remainder when 6851470 is divided by 1548?
22
What is the remainder when 93661730 is divided by 55?
30
What is the remainder when 16093914 is divided by 8046906?
102
Calculate the remainder when 136928119 is divided by 34232026.
15
What is the remainder when 166777 is divided by 56?
9
What is the remainder when 3781 is divided by 1034?
679
Calculate the remainder when 540249 is divided by 311.
42
Calculate the remainder when 286531 is divided by 175.
56
What is the remainder when 265005046 is divided by 155?
151
Calculate the remainder when 56801433 is divided by 14200358.
1
Calculate the remainder when 88563 is divided by 595.
503
Calculate the remainder when 84170311 is divided by 26.
17
Calculate the remainder when 375838 is divided by 125271.
25
Calculate the remainder when 685677752 is divided by 32.
24
What is the remainder when 14998053 is divided by 129?
126
What is the remainder when 1645782 is divided by 109718?
12
Calculate the remainder when 1678274 is divided by 47.
45
Calculate the remainder when 974300 is divided by 2365.
2285
What is the remainder when 177502 is divided by 1998?
1678
What is the remainder when 22795665 is divided by 92?
89
What is the remainder when 326752252 is divided by 45?
7
What is the remainder when 298119 is divided by 148966?
187
Calculate the remainder when 97249 is divided by 243.
49
Calculate the remainder when 15691 is divided by 7704.
283
Calculate the remainder when 696878 is divided by 34832.
238
Calculate the remainder when 264110514 is divided by 26.
18
Calculate the remainder when 964620 is divided by 604.
32
Calculate the remainder when 417794371 is divided by 208897183.
5
Calculate the remainder when 700268 is divided by 323.
4
What is the remainder when 25398 is divided by 3229?
2795
What is the remainder when 685108 is divided by 114178?
40
Calculate the remainder when 76732 is divided by 426.
52
Calculate the remainder when 252209 is divided by 8684.
373
What is the remainder when 30223 is divided by 14499?
1225
Calculate the remainder when 2422042 is divided by 399.
112
What is the remainder when 1191145 is divided by 58?
57
Calculate the remainder when 660438 is divided by 6292.
6070
Calculate the remainder when 51487 is divided by 1208.
751
What is the remainder when 148141 is divided by 11393?
32
What is the remainder when 10544361 is divided by 1323?
51
What is the remainder when 398313 is divided by 79344?
1593
What is the remainder when 182106323 is divided by 25?
23
What is the remainder when 3048727 is divided by 4?
3
Calculate the remainder when 46580571 is divided by 2451609.
0
What is the remainder when 460324 is divided by 55?
29
What is the remainder when 66066192 is divided by 106?
102
What is the remainder when 95164 is divided by 59?
56
Calculate the remainder when 338536835 is divided by 1189.
1188
What is the remainder when 2136868 is divided by 4935?
13
Calculate the remainder when 15313518 is divided by 1177962.
12
What is the remainder when 15207995 is divided by 2046?
77
Calculate the remainder when 6232288 is divided by 162.
148
Calculate the remainder when 12071776 is divided by 118.
22
Calculate the remainder when 159439263 is divided by 181.
164
Calculate the remainder when 270230 is divided by 4037.
3788
What is the remainder when 148389 is divided by 759?
384
What is the remainder when 8895966 is divided by 228101?
27
Calculate the remainder when 20665 is divided by 15.
10
Calculate the remainder when 329935 is divided by 43.
39
Calculate the remainder when 358771 is divided by 5042.
789
Calculate the remainder when 662249 is divided by 774.
479
Calculate the remainder when 880555 is divided by 44.
27
Calculate the remainder when 459261 is divided by 151083.
6012
Calculate the remainder when 15129499 is divided by 840527.
13
What is the remainder when 94278021 is divided by 28?
5
Calculate the remainder when 760715 is divided by 47544.
11
What is the remainder when 24937 is divided by 1334?
925
What is the remainder when 3454010 is divided by 33534?
8
What is the remainder when 17498708 is divided by 374?
370
Calculate the remainder when 209852 is divided by 192.
188
Calculate the remainder when 796607 is divided by 969.
89
What is the remainder when 8669898 is divided by 2931?
0
What is the remainder when 29910 is divided by 43?
25
Calculate the remainder when 278174 is divided by 46360.
14
What is the remainder when 191924 is divided by 95868?
188
Calculate the remainder when 453271 is divided by 14.
7
Calculate the remainder when 89114584 is divided by 809.
807
What is the remainder when 215919 is divided by 1591?
1134
Calculate the remainder when 310060 is divided by 25.
10
Calculate the remainder when 31848730 is divided by 655.
10
What is the remainder when 43140562 is divided by 3037?
3014
What is the remainder when 17830444 is divided by 27?
22
What is the remainder when 115712 is divided by 582?
476
What is the remainder when 24222226 is divided by 1325?
1226
Calculate the remainder when 1370650 is divided by 228080.
2170
Calculate the remainder when 418718 is divided by 2313.
65
Calculate the remainder when 27879795 is divided by 1661.
1571
What is the remainder when 1748391 is divided by 18?
15
Calculate the remainder when 636018370 is divided by 11484.
11482
What is the remainder when 4769274 is divided by 256?
250
What is the remainder when 1307773 is divided by 43592?
13
Calculate the remainder when 807668 is divided by 6511.
304
What is the remainder when 197817 is divided by 2569?
4
What is the remainder when 8072599 is divided by 4036298?
3
Calculate the remainder when 65764 is divided by 255.
229
What is the remainder when 1507360 is divided by 903?
253
Calculate the remainder when 531390 is divided by 241.
226
Calculate the remainder when 62128 is divided by 15446.
344
What is the remainder when 97183441 is divided by 1849?
1
Calculate the remainder when 179092 is divided by 44661.
448
Calculate the remainder when 37782 is divided by 4162.
324
Calculate the remainder when 209357 is divided by 68.
53
What is the remainder when 196948 is divided by 32466?
2152
Calculate the remainder when 307505 is divided by 3575.
55
What is the remainder when 4926179 is divided by 103?
101
What is the remainder when 31611 is divided by 29680?
1931
What is the remainder when 5709362 is divided by 135?
77
What is the remainder when 505303 is divided by 318?
1
Calculate the remainder when 800834 is divided by 100103.
10
What is the remainder when 512145 is divided by 102428?
5
What is the remainder when 882125 is divided by 216?
197
Calculate the remainder when